et u = 22 + -9. Calculate the greatest common divisor of u and 65.
13
Let b = -21 + 37. Suppose -5*l + 94 + b = 0. Suppose -4*p + 2 = -l. What is the highest common factor of p and 18?
6
Suppose -4*o = -3*o - 52. Calculate the highest common divisor of 13 and o.
13
Let t be -3*(2/(-3) - 2). Let r(c) = c**2 + 5*c - 2. Let s be r(-11). Calculate the highest common factor of s and t.
8
Suppose 2*o = 5*d - 184, 6*d + o = 8*d - 74. Let t be 214/9 + 4/18. Calculate the highest common divisor of d and t.
12
Suppose 3*y = -5*m + 4, m = -2*y + 3*y + 4. Suppose -m*z + 5 + 19 = 0. Suppose 3*r + 9 = 189. Calculate the greatest common factor of z and r.
12
Let w be (-3)/6 + 17/2. Let v = 9 - -15. Calculate the highest common factor of v and w.
8
Let r(o) = o**2 - 7*o + 7. Let u be r(6). Let x be (-3)/(2/(u - 19)). Suppose 4*s = x + 37. What is the greatest common factor of s and 176?
16
Let b(t) = -t**3 + 5*t**2 - 2*t. Let v be b(4). Let f be (5 - 2) + (15 - 2/1). What is the highest common factor of v and f?
8
Suppose -5 - 1 = -3*l. Suppose -6*y + l*y = -36. What is the highest common divisor of 9 and y?
9
Suppose 3*y - 2*z + 3 = 6, 4*y - 5*z - 4 = 0. Let r(c) = 27*c**2 - c. Let q be r(y). Calculate the greatest common divisor of 65 and q.
13
Let v(g) = g**3 + 11*g**2 + 6*g + 6. Let d be v(-7). Let j = -110 + d. Calculate the highest common factor of j and 75.
25
Suppose -24 = -2*b + 42. What is the greatest common factor of 44 and b?
11
Let r(n) = -n**2 + 10*n + 3. Let y be r(9). What is the greatest common factor of 96 and y?
12
Let j be 7/28 - (-11)/4. Let w be j*(0 + 110/2). What is the greatest common factor of 15 and w?
15
Let w(x) = -x**2 - x - 10. Let c be w(8). Let p = 146 + c. Let u be p - (-4 - (-4 + 2)). Calculate the highest common divisor of 6 and u.
6
Suppose -6*u = -2*u - 268. Suppose 2*n - 59 = u. What is the highest common factor of n and 9?
9
Let r = -36 - -44. Let h be ((-32)/(-6))/(1/3). What is the highest common divisor of h and r?
8
Suppose -2*b - 3*r + 56 = r, -104 = -3*b + 4*r. Let t be b/(-12)*(-2 + -1). Calculate the greatest common factor of 88 and t.
8
Suppose 0*u = u - 5*q + 21, -5*u = -4*q. Suppose 4*b - u = 2*b. Let v be b*-12*(-60)/16. Calculate the greatest common divisor of v and 10.
10
Let t = -50 - -55. Calculate the greatest common factor of t and 40.
5
Let g = 6 - -75. Suppose g = 2*p - 0*h + 3*h, 2*p - 3*h = 75. Calculate the greatest common factor of p and 26.
13
Let y be (-20)/7*(35/(-2))/5. Suppose 3*b + 0*b - 150 = 0. Calculate the highest common divisor of b and y.
10
Let y be -36*((-1)/(-4)*-6)/1. What is the highest common divisor of 486 and y?
54
Suppose 0*i - 21 = -4*i + 5*m, -5*i + 42 = -m. Calculate the greatest common factor of i and 81.
9
Suppose 3*s = 2*s - 2. Let w be (-8)/(-1)*(s - -1). Let x be ((-8)/(-1))/(w/(-20)). Calculate the highest common factor of 30 and x.
10
Suppose 28 = -f + 4*n, n + n = f + 18. Let l be (-12)/f*4/3. What is the highest common divisor of l and 16?
2
Let z(i) = -i**2 - 9*i - 12. Let a be z(-6). Suppose -3*k + 36 - a = 0. What is the greatest common divisor of k and 50?
10
Let v be (-2 + 3)/(1/5). Suppose -23 = -v*j - 8. Let o = 7 + 5. Calculate the greatest common divisor of o and j.
3
Let w(d) = d**3 - 3*d**2 - 4*d + 3. Let y be w(4). Suppose -y*z + 50 = 2*z. Let l = z - 7. Calculate the greatest common divisor of 24 and l.
3
Let y = 77 - 44. Suppose -5*g + 4*f = 14, -2*g + 5 = -5*g - f. Let t be 2*g/(-8)*44. Calculate the highest common divisor of y and t.
11
Let y be (-1410)/(-25) + (-6)/(-10) + -1. What is the greatest common divisor of y and 42?
14
Let z = 6 + 1. Let i(g) = -g**2 - 5*g + 2. Let k be i(-5). Suppose 0 = -k*d + 3*w + 76, d + d - 72 = w. What is the highest common divisor of z and d?
7
Let v(c) = 9*c**2 + 1. Suppose -3*i + 17 - 2 = 0, -m - 9 = -2*i. Let r be v(m). Calculate the highest common divisor of 50 and r.
10
Suppose 4*t = t + 3. Calculate the highest common factor of 1 and t.
1
Let x be (-12)/(-10) + (-1)/5. Let l(k) = 5*k**2 + 2 + 2 - k**3 + 3*k + 2*k**3. Let h be l(-4). What is the greatest common factor of x and h?
1
Let u be 11 - 8 - (1 - -2)*-15. What is the highest common divisor of 8 and u?
8
Suppose t = -5, -h + 5*t = -2*h - 34. Let u = h - -19. Calculate the highest common divisor of 5 and u.
5
Let q(k) = -k + 6. Let z be q(3). Suppose -520 = -z*o - 2*o. What is the highest common factor of 26 and o?
26
Let f = -2 + 0. Let i be f/(-5) + 2015/25. What is the highest common factor of 9 and i?
9
Let x(y) = -5*y**2 - 4*y - 1. Let a(i) = -i**2 - i. Let o(l) = 4*a(l) - x(l). Let r be o(0). Calculate the greatest common divisor of 11 and r.
1
Let q = 49 - 5. What is the greatest common divisor of 4 and q?
4
Suppose 5*a - 108 = 2*a. Suppose 3*w + a = 6*w. Calculate the highest common divisor of w and 108.
12
Let u be 2/((2/(-11))/(-2)). Let a = -45 + 47. What is the highest common factor of a and u?
2
Suppose 522 = 4*s - 19*r + 22*r, -5*s - 3*r = -654. What is the highest common factor of s and 12?
12
Let h = -17 + 25. Suppose 0*a - 100 = -2*a. Let p = a + 38. Calculate the greatest common divisor of h and p.
8
Suppose 0 = 3*p + 4*v - 29, -6*v + 2*v + 20 = 0. Suppose 55 = p*w + 16. Let z be 204/8 + 1/2. Calculate the greatest common factor of z and w.
13
Suppose 5*o + 3*h - 427 = 0, 3*o = 8*h - 4*h + 233. Suppose -y + o = -412. Suppose 0 = -2*d - 3*d + y. What is the greatest common factor of d and 11?
11
Suppose 10*m - 1280 = 5*m. What is the highest common divisor of m and 32?
32
Let g = 357 - 242. Let y = g - 66. Let x = y + -35. What is the highest common factor of x and 98?
14
Let k be 1/(3/45*3). Calculate the greatest common factor of k and 5.
5
Suppose -5*m = -77 + 62. Suppose 3*g + g + 3*h - 102 = 0, 0 = 3*g + h - 74. Calculate the highest common divisor of g and m.
3
Let z be ((-2)/(-3))/(3/(-27)). Let v = z - -7. Calculate the greatest common divisor of v and 1.
1
Suppose 0*b + 3*b - 39 = 0. Let v = b - -9. Suppose 4*g = -12, 2*g - 1 + 40 = 3*l. Calculate the highest common divisor of v and l.
11
Suppose -s = -0 - 2. Suppose 0 = s*g + m - 11, 0 = 2*g - 6*g - 3*m + 19. What is the highest common divisor of 7 and g?
7
Let m = 11 - 8. Suppose m*c - 15 = -2*c. Calculate the greatest common factor of c and 15.
3
Suppose 0 = -l + 3*p - 44, 0 = -2*l + 4*p - 37 - 61. Let i = l - -89. Calculate the highest common divisor of 3 and i.
3
Let r = -6 + 14. Suppose -5*u + 40 = -4*u. What is the highest common factor of r and u?
8
Suppose 24 = -2*y + 3*y. Let s be ((-30)/24)/(1/(-12)). Suppose 0 = m - 45 - s. What is the greatest common factor of y and m?
12
Let o be (-3)/1 + 109 + 4. Calculate the greatest common divisor of 10 and o.
10
Let s = 0 - -3. Suppose 2*z = -s*z. Suppose 0 = -z*a + a - 13. Calculate the highest common factor of 52 and a.
13
Let y be -4 - 0 - (-4 - 4). What is the highest common divisor of 76 and y?
4
Let r be -17*((-4)/2)/2. What is the highest common factor of r and 17?
17
Let z = -7 + 79. Let b be 1/6 - 58/(-12). Suppose -b*m + 3*g = -51, 2*m - 8*g - 9 = -3*g. What is the greatest common factor of m and z?
12
Let a be -18 + 20 + (216 - 4/(-2)). What is the highest common factor of a and 20?
20
Let p(q) be the third derivative of -9*q**4/4 + q**3/6 - 3*q**2. Let y be p(-1). Suppose 5*r - 4 = 21. What is the greatest common divisor of r and y?
5
Let l(g) = -g**3 - 8*g**2 - 9*g - 9. Let q be l(-7). Suppose 3*x - 35 = -q*o, x - 4*o + 54 = 6*x. Calculate the greatest common divisor of 80 and x.
10
Let j = -100 + 108. What is the highest common factor of 88 and j?
8
Suppose -5*j = 3*m - 85, -1 = -3*j - 4. What is the highest common divisor of m and 10?
10
Let p = 3 + 12. Let d be ((-90)/21)/(13/(-182)). Calculate the highest common factor of p and d.
15
Let v(p) = 8*p**2 + 7*p - 1. Let u be v(-4). Suppose 5 = 4*c - 3. Suppose -c = -5*r + 43. Calculate the highest common divisor of r and u.
9
Let n be ((-135)/10)/9*-22. What is the greatest common divisor of 22 and n?
11
Suppose -f = -m - 1, -m + 2*m = 3*f - 9. Let c(p) = 6*p - 4. Let g be c(8). What is the highest common factor of g and f?
4
Suppose 8*m - 3*m = -15, 60 = 4*i - 4*m. Calculate the greatest common factor of 3 and i.
3
Suppose 5*c = 3*p + 4, 2*c + 3 = 4*p - 3*